{"id":436,"date":"2021-08-31T10:55:42","date_gmt":"2021-08-31T10:55:42","guid":{"rendered":"https:\/\/campussul.pt\/?page_id=436"},"modified":"2021-08-31T11:10:37","modified_gmt":"2021-08-31T11:10:37","slug":"home","status":"publish","type":"page","link":"https:\/\/campussul.pt\/en\/home\/","title":{"rendered":"Home"},"content":{"rendered":"<div class=\"services-wrapper services-default cols-wrapper cols-3 pexeto-parallax\"><div class=\"services-box col\"><a href=\"https:\/\/www.uevora.pt\/\"><div class=\"img-container\"><img decoding=\"async\" src=\"http:\/\/campussul.pt\/wp-content\/uploads\/2014\/08\/UEvora01-1-scaled-368x245.jpg\" alt=\"Universidade de \u00c9vora\"\/><\/div><\/a><div class=\"services-content\"><div class=\"sc-wraper\"><h3><a href=\"https:\/\/www.uevora.pt\/\">Universidade de \u00c9vora<\/a><\/h3><\/div><\/div><\/div><div class=\"services-box col\"><a href=\"http:\/\/www.ualg.pt\"><div class=\"img-container\"><img decoding=\"async\" src=\"http:\/\/campussul.pt\/wp-content\/uploads\/2021\/08\/Gambelas-1593521334000_c-368x245.jpg\" alt=\"Universidade do Algarve\"\/><\/div><\/a><div class=\"services-content\"><div class=\"sc-wraper\"><h3><a href=\"http:\/\/www.ualg.pt\">Universidade do Algarve<\/a><\/h3><\/div><\/div><\/div><div class=\"services-box col nomargin\"><a href=\"https:\/\/www.unl.pt\/\"><div class=\"img-container\"><img decoding=\"async\" src=\"http:\/\/campussul.pt\/wp-content\/uploads\/2014\/08\/Reitoria-2021-7-368x245.jpg\" alt=\"Universidade NOVA de Lisboa\"\/><\/div><\/a><div class=\"services-content\"><div class=\"sc-wraper\"><h3><a href=\"https:\/\/www.unl.pt\/\">Universidade NOVA de Lisboa<\/a><\/h3><\/div><\/div><\/div><div class=\"clear\"><\/div><\/div>\n<div class=\"section-full-width section-light\" style=\"background-color:#f6f6f6;\" id=\"whatdoweoffer\"><div class=\"section-boxed\" style=\"color:#777777;\"><h4 style=\"color:#252525;\" class=\"sub-title\">Campus Sul<\/h4><h2 class=\"section-title\" style=\"color:#252525;\">what do we offer?<\/h2><div class=\"services-wrapper services-icon cols-wrapper cols-4 pexeto-parallax\"><div class=\"services-box col\"><div class=\"img-container\"><img decoding=\"async\" src=\"http:\/\/campussul.pt\/wp-content\/uploads\/2021\/08\/usul_parcerias_internacionais-1-130x130.png\" alt=\"Add value\"\/><\/div><div class=\"services-content\"><div class=\"sc-wraper\"><h3>Add value<\/h3><p>This strategic union aims at the social and economic enhancement of the southern regions, based on the application of knowledge residing in the consortium's universities.<\/p><\/div><\/div><\/div><div class=\"services-box col\"><div class=\"img-container\"><img decoding=\"async\" src=\"http:\/\/campussul.pt\/wp-content\/uploads\/2021\/08\/usul_top_journals-1-130x130.png\" alt=\"Common commitment\"\/><\/div><div class=\"services-content\"><div class=\"sc-wraper\"><h3>Common commitment<\/h3><p>Common commitment to contribute to strengthening territorial cohesion, resilience and sustainable development in the southern regions of Portugal.<\/p><\/div><\/div><\/div><div class=\"services-box col\"><div class=\"img-container\"><img decoding=\"async\" src=\"http:\/\/campussul.pt\/wp-content\/uploads\/2021\/08\/usul_artigos_coautoria-1-130x130.png\" alt=\"Advanced Training\"\/><\/div><div class=\"services-content\"><div class=\"sc-wraper\"><h3>Advanced Training<\/h3><p>Promote training and advanced training of resources installed in the regions<\/p><\/div><\/div><\/div><div class=\"services-box col nomargin\"><div class=\"img-container\"><img decoding=\"async\" src=\"http:\/\/campussul.pt\/wp-content\/uploads\/2021\/08\/usul_areas_estudo-1-130x130.png\" alt=\"Impact and Innovative Solutions\"\/><\/div><div class=\"services-content\"><div class=\"sc-wraper\"><h3>Impact and Innovative Solutions<\/h3><p>The South Campus aims to carry out research with impact and develop innovative solutions.<\/p><\/div><\/div><\/div><div class=\"clear\"><\/div><\/div>\n<\/div><\/div>\n<div class=\"section-full-width section-dark-bg\" style=\"background-color:#a46b08;\" id=\"section-1\"><div class=\"section-boxed\" style=\"color:#ffffff;\"><div class=\"testimonial-slider\" data-autoplay=\"true\"><div class=\"testimonial-container\"><div class=\"testimonial-wrapper\"><div class=\"testimonial-info\"><img decoding=\"async\" class=\"img-frame testimonial-img\" src=\"http:\/\/campussul.pt\/wp-content\/uploads\/2021\/08\/joao-saagua-ifilnova-1-150x150.jpg\" alt=\"Jo\u00e3o S\u00e0\u00e1gua\" \/><div class=\"testimonials-details\"><h2>Jo\u00e3o S\u00e0\u00e1gua<\/h2><span>Rector \/ Universidade NOVA de Lisboa<\/span><\/div><\/div><blockquote><p>\"This new South Campus will bring new training activities for the municipal administration itself, or the regional administration, or the public administration in the south, and several other institutions that carry out activities in the south\"<\/p><\/blockquote><\/div><\/div><div class=\"testimonial-container\"><div class=\"testimonial-wrapper\"><div class=\"testimonial-info\"><img decoding=\"async\" class=\"img-frame testimonial-img\" src=\"http:\/\/campussul.pt\/wp-content\/uploads\/2021\/08\/ac_freitas_0-1-150x150.png\" alt=\"Ana Costa Freitas\" \/><div class=\"testimonials-details\"><h2>Ana Costa Freitas<\/h2><span>Rector \/ Universidade de \u00c9vora<\/span><\/div><\/div><blockquote><p>\"Heritage and Mediterranean areas are the focus of the South Campus.\"<\/p><\/blockquote><\/div><\/div><div class=\"testimonial-container\"><div class=\"testimonial-wrapper\"><div class=\"testimonial-info\"><img decoding=\"async\" class=\"img-frame testimonial-img\" src=\"http:\/\/campussul.pt\/wp-content\/uploads\/2021\/08\/Gab-Material-1-150x150.jpg\" alt=\"Paulo \u00c1guas\" \/><div class=\"testimonials-details\"><h2>Paulo \u00c1guas<\/h2><span>Rector \/ Universidade do Algarve<\/span><\/div><\/div><blockquote><p>\u201cThe creation of the South Campus is the result of a commitment made by three public universities with a view to contributing to the social and economic development of the southern regions of Portugal, in partnership with regional entities, with the ultimate aim of sustainable development.\u201d<\/p><\/blockquote><\/div><\/div><\/div>\n<\/div><\/div>\n","protected":false},"excerpt":{"rendered":"","protected":false},"author":1,"featured_media":0,"parent":0,"menu_order":0,"comment_status":"open","ping_status":"open","template":"template-full-custom.php","meta":{"footnotes":""},"class_list":["post-436","page","type-page","status-publish","hentry"],"_links":{"self":[{"href":"https:\/\/campussul.pt\/en\/wp-json\/wp\/v2\/pages\/436","targetHints":{"allow":["GET"]}}],"collection":[{"href":"https:\/\/campussul.pt\/en\/wp-json\/wp\/v2\/pages"}],"about":[{"href":"https:\/\/campussul.pt\/en\/wp-json\/wp\/v2\/types\/page"}],"author":[{"embeddable":true,"href":"https:\/\/campussul.pt\/en\/wp-json\/wp\/v2\/users\/1"}],"replies":[{"embeddable":true,"href":"https:\/\/campussul.pt\/en\/wp-json\/wp\/v2\/comments?post=436"}],"version-history":[{"count":4,"href":"https:\/\/campussul.pt\/en\/wp-json\/wp\/v2\/pages\/436\/revisions"}],"predecessor-version":[{"id":541,"href":"https:\/\/campussul.pt\/en\/wp-json\/wp\/v2\/pages\/436\/revisions\/541"}],"wp:attachment":[{"href":"https:\/\/campussul.pt\/en\/wp-json\/wp\/v2\/media?parent=436"}],"curies":[{"name":"wp","href":"https:\/\/api.w.org\/{rel}","templated":true}]}}

<div class="services-wrapper services-default cols-wrapper cols-3 pexeto-parallax"><div class="services-box col"><a href="https://www.uevora.pt/"><div class="img-container"><img decoding="async" src="http://campussul.pt/wp-content/uploads/2014/08/UEvora01-1-scaled-368x245.jpg" alt="Universidade de Évora"/></div></a><div class="services-content"><div class="sc-wraper"><h3><a href="https://www.uevora.pt/">Universidade de Évora</a></h3></div></div></div><div class="services-box col"><a href="http://www.ualg.pt"><div class="img-container"><img decoding="async" src="http://campussul.pt/wp-content/uploads/2021/08/Gambelas-1593521334000_c-368x245.jpg" alt="Universidade do Algarve"/></div></a><div class="services-content"><div class="sc-wraper"><h3><a href="http://www.ualg.pt">Universidade do Algarve</a></h3></div></div></div><div class="services-box col nomargin"><a href="https://www.unl.pt/"><div class="img-container"><img decoding="async" src="http://campussul.pt/wp-content/uploads/2014/08/Reitoria-2021-7-368x245.jpg" alt="Universidade NOVA de Lisboa"/></div></a><div class="services-content"><div class="sc-wraper"><h3><a href="https://www.unl.pt/">Universidade NOVA de Lisboa</a></h3></div></div></div><div class="clear"></div></div>
<div class="section-full-width section-light" style="background-color:#f6f6f6;" id="whatdoweoffer"><div class="section-boxed" style="color:#777777;"><h4 style="color:#252525;" class="sub-title">Campus Sul</h4><h2 class="section-title" style="color:#252525;">what do we offer?</h2><div class="services-wrapper services-icon cols-wrapper cols-4 pexeto-parallax"><div class="services-box col"><div class="img-container"><img decoding="async" src="http://campussul.pt/wp-content/uploads/2021/08/usul_parcerias_internacionais-1-130x130.png" alt="Add value"/></div><div class="services-content"><div class="sc-wraper"><h3>Add value</h3><p>This strategic union aims at the social and economic enhancement of the southern regions, based on the application of knowledge residing in the consortium's universities.</p></div></div></div><div class="services-box col"><div class="img-container"><img decoding="async" src="http://campussul.pt/wp-content/uploads/2021/08/usul_top_journals-1-130x130.png" alt="Common commitment"/></div><div class="services-content"><div class="sc-wraper"><h3>Common commitment</h3><p>Common commitment to contribute to strengthening territorial cohesion, resilience and sustainable development in the southern regions of Portugal.</p></div></div></div><div class="services-box col"><div class="img-container"><img decoding="async" src="http://campussul.pt/wp-content/uploads/2021/08/usul_artigos_coautoria-1-130x130.png" alt="Advanced Training"/></div><div class="services-content"><div class="sc-wraper"><h3>Advanced Training</h3><p>Promote training and advanced training of resources installed in the regions</p></div></div></div><div class="services-box col nomargin"><div class="img-container"><img decoding="async" src="http://campussul.pt/wp-content/uploads/2021/08/usul_areas_estudo-1-130x130.png" alt="Impact and Innovative Solutions"/></div><div class="services-content"><div class="sc-wraper"><h3>Impact and Innovative Solutions</h3><p>The South Campus aims to carry out research with impact and develop innovative solutions.</p></div></div></div><div class="clear"></div></div>
</div></div>
<div class="section-full-width section-dark-bg" style="background-color:#a46b08;" id="section-1"><div class="section-boxed" style="color:#ffffff;"><div class="testimonial-slider" data-autoplay="true"><div class="testimonial-container"><div class="testimonial-wrapper"><div class="testimonial-info"><img decoding="async" class="img-frame testimonial-img" src="http://campussul.pt/wp-content/uploads/2021/08/joao-saagua-ifilnova-1-150x150.jpg" alt="João Sàágua" /><div class="testimonials-details"><h2>João Sàágua</h2><span>Rector / Universidade NOVA de Lisboa</span></div></div><blockquote><p>"This new South Campus will bring new training activities for the municipal administration itself, or the regional administration, or the public administration in the south, and several other institutions that carry out activities in the south"</p></blockquote></div></div><div class="testimonial-container"><div class="testimonial-wrapper"><div class="testimonial-info"><img decoding="async" class="img-frame testimonial-img" src="http://campussul.pt/wp-content/uploads/2021/08/ac_freitas_0-1-150x150.png" alt="Ana Costa Freitas" /><div class="testimonials-details"><h2>Ana Costa Freitas</h2><span>Rector / Universidade de Évora</span></div></div><blockquote><p>"Heritage and Mediterranean areas are the focus of the South Campus."</p></blockquote></div></div><div class="testimonial-container"><div class="testimonial-wrapper"><div class="testimonial-info"><img decoding="async" class="img-frame testimonial-img" src="http://campussul.pt/wp-content/uploads/2021/08/Gab-Material-1-150x150.jpg" alt="Paulo Águas" /><div class="testimonials-details"><h2>Paulo Águas</h2><span>Rector / Universidade do Algarve</span></div></div><blockquote><p>“The creation of the South Campus is the result of a commitment made by three public universities with a view to contributing to the social and economic development of the southern regions of Portugal, in partnership with regional entities, with the ultimate aim of sustainable development.”</p></blockquote></div></div></div>
</div></div>
